{"id":10666,"date":"2018-11-30T17:28:02","date_gmt":"2018-11-30T16:28:02","guid":{"rendered":"https:\/\/hubertus-kompanie-zons.de\/?page_id=10666"},"modified":"2026-04-20T20:22:25","modified_gmt":"2026-04-20T18:22:25","slug":"termine-2018-2","status":"publish","type":"page","link":"https:\/\/hubertus-kompanie-zons.de\/?page_id=10666","title":{"rendered":"Termine 2026"},"content":{"rendered":"<p style=\"padding-left: 40px;\"><img loading=\"lazy\" decoding=\"async\" class=\"alignleft\" src=\"https:\/\/hubertus-kompanie-zons.de\/wp-content\/uploads\/2011\/02\/Homepage-Bild-2013-11.jpg\" alt=\"\" width=\"474\" height=\"295\"\/><\/p>\n<table class=\" alignright\" style=\"height: 514px; width: 91.4655%;\">\n<tbody>\n<tr style=\"height: 18px;\">\n<td style=\"width: 27.6595%; height: 18px; text-align: left;\"><strong><em>Januar<\/em><\/strong><\/td>\n<td style=\"width: 13.4752%; height: 18px; text-align: center;\">&nbsp;<\/td>\n<td style=\"width: 34.9882%; height: 18px; text-align: center;\">&nbsp;<\/td>\n<td style=\"width: 32.6241%; height: 18px; text-align: center;\">&nbsp;<\/td>\n<\/tr>\n<tr style=\"height: 18px;\">\n<td style=\"width: 27.6595%; height: 18px; text-align: left;\">16.01.2026<\/td>\n<td style=\"width: 13.4752%; height: 18px; text-align: center;\">&nbsp;19:30h<\/td>\n<td style=\"width: 34.9882%; height: 18px; text-align: center;\">Generalversammlung<\/td>\n<td style=\"width: 32.6241%; height: 18px; text-align: center;\"><span id=\"page3R_mcid63\" class=\"markedContent\"><span dir=\"ltr\" role=\"presentation\">Pfarrscheune<\/span><\/span><\/td>\n<\/tr>\n<tr style=\"height: 18px;\">\n<td style=\"width: 27.6595%; height: 18px; text-align: left;\"><em><strong>Februar<\/strong><\/em><\/td>\n<td style=\"width: 13.4752%; height: 18px; text-align: center;\">&nbsp;<\/td>\n<td style=\"width: 34.9882%; height: 18px; text-align: center;\">&nbsp;<\/td>\n<td style=\"width: 32.6241%; height: 18px; text-align: center;\">&nbsp;<\/td>\n<\/tr>\n<tr style=\"height: 18px;\">\n<td style=\"width: 27.6595%; height: 18px; text-align: left;\">06.02.2026<\/td>\n<td style=\"width: 13.4752%; height: 18px; text-align: center;\">19:00h<\/td>\n<td style=\"width: 34.9882%; height: 18px; text-align: center;\">Versammlung<\/td>\n<td style=\"width: 32.6241%; height: 18px; text-align: center;\">noch nicht bekannt<\/td>\n<\/tr>\n<tr>\n<td style=\"width: 27.6595%;\"><strong><em>M\u00e4rz<\/em><\/strong><\/td>\n<td style=\"width: 13.4752%;\">&nbsp;<\/td>\n<td style=\"width: 34.9882%;\">&nbsp;<\/td>\n<td style=\"width: 32.6241%;\">&nbsp;<\/td>\n<\/tr>\n<tr>\n<td style=\"width: 27.6595%;\">07.03.2026<\/td>\n<td style=\"width: 13.4752%;\">19:00h<\/td>\n<td style=\"width: 34.9882%;\">K\u00f6nigsabend Ralf Annas<\/td>\n<td style=\"width: 32.6241%;\">&#8222;Ahl Schull&#8220;<br \/>\nRheinfeld<\/td>\n<\/tr>\n<tr style=\"height: 18px;\">\n<td style=\"width: 27.6595%; height: 18px; text-align: left;\"><strong><em>April<\/em><\/strong><\/td>\n<td style=\"width: 13.4752%; height: 18px; text-align: center;\">&nbsp;<\/td>\n<td style=\"width: 34.9882%; height: 18px; text-align: center;\">&nbsp;<\/td>\n<td style=\"width: 32.6241%; height: 18px; text-align: center;\">&nbsp;<\/td>\n<\/tr>\n<tr style=\"height: 18px;\">\n<td style=\"width: 27.6595%; height: 18px; text-align: left;\">03.04.2026<\/td>\n<td style=\"width: 13.4752%; height: 18px; text-align: center;\">15:00h<\/td>\n<td style=\"width: 34.9882%; height: 18px; text-align: center;\">Osterschie\u00dfen<\/td>\n<td style=\"width: 32.6241%; height: 18px; text-align: center;\">Luftgewehr Schie\u00dfstand<\/td>\n<\/tr>\n<tr style=\"height: 60px;\">\n<td style=\"width: 27.6595%; height: 28px; text-align: left;\">25.04.2026<\/td>\n<td style=\"width: 13.4752%; height: 28px; text-align: center;\">13:30h<\/td>\n<td style=\"width: 34.9882%; height: 28px; text-align: center;\">K\u00f6nigsschie\u00dfen<br \/>\n1. Abteilung<\/td>\n<td style=\"width: 32.6241%; height: 28px; text-align: center;\">Hochstand<\/td>\n<\/tr>\n<tr style=\"height: 18px;\">\n<td style=\"width: 27.6595%; height: 18px; text-align: left;\"><strong><em>Mai<\/em><\/strong><\/td>\n<td style=\"width: 13.4752%; height: 18px; text-align: center;\">&nbsp;<\/td>\n<td style=\"width: 34.9882%; height: 18px; text-align: center;\">&nbsp;<\/td>\n<td style=\"width: 32.6241%; height: 18px; text-align: center;\">&nbsp;<\/td>\n<\/tr>\n<tr style=\"height: 18px;\">\n<td style=\"width: 27.6595%; height: 18px; text-align: left;\">08.05.2026 &#8211;<br \/>\n17.05.2026<\/td>\n<td style=\"width: 13.4752%; height: 18px; text-align: center;\">&nbsp;<\/td>\n<td style=\"width: 34.9882%; text-align: center; height: 18px;\">Schie\u00dfwoche<\/td>\n<td style=\"width: 32.6241%; text-align: center; height: 18px;\">Hochstand<\/td>\n<\/tr>\n<tr>\n<td style=\"width: 27.6595%; text-align: left;\">14.05.2026<\/td>\n<td style=\"width: 13.4752%; text-align: center;\">16:00h-<br \/>\n22:00h<\/td>\n<td style=\"width: 34.9882%; text-align: center;\">Ausschankdienst<br \/>\nSchie\u00dfwoche<\/td>\n<td style=\"width: 32.6241%; text-align: center;\">Hochstand<\/td>\n<\/tr>\n<tr style=\"height: 18px;\">\n<td style=\"width: 27.6595%; height: 18px; text-align: left;\"><strong><em>Juli<\/em><\/strong><\/td>\n<td style=\"width: 13.4752%; height: 18px; text-align: center;\">&nbsp;<\/td>\n<td style=\"width: 34.9882%; height: 18px; text-align: center;\">&nbsp;<\/td>\n<td style=\"width: 32.6241%; height: 18px; text-align: center;\">&nbsp;<\/td>\n<\/tr>\n<tr style=\"height: 36px;\">\n<td style=\"width: 27.6595%; height: 22px; text-align: left;\">04.07.2026<\/td>\n<td style=\"width: 13.4752%; height: 22px; text-align: center;\">18:00h<\/td>\n<td style=\"width: 34.9882%; height: 22px; text-align: center;\">Oberstehrenabend<\/td>\n<td style=\"width: 32.6241%; height: 22px; text-align: center;\">Festzelt<\/td>\n<\/tr>\n<tr style=\"height: 18px;\">\n<td style=\"width: 27.6595%; height: 18px; text-align: left;\">05.07.2026<\/td>\n<td style=\"width: 13.4752%; height: 18px; text-align: center;\">11:00h<\/td>\n<td style=\"width: 34.9882%; height: 18px; text-align: center;\">Vollversammlung<\/td>\n<td style=\"width: 32.6241%; height: 18px; text-align: center;\">Festzelt<\/td>\n<\/tr>\n<tr style=\"height: 18px;\">\n<td style=\"width: 27.6595%; height: 18px; text-align: left;\">17.07.2026<\/td>\n<td style=\"width: 13.4752%; height: 18px; text-align: center;\">17:30h<\/td>\n<td style=\"width: 34.9882%; height: 18px; text-align: center;\">Versammlung<\/td>\n<td style=\"width: 32.6241%; height: 18px; text-align: center;\">&nbsp;<\/td>\n<\/tr>\n<tr style=\"height: 36px;\">\n<td style=\"width: 27.6595%; height: 36px; text-align: left;\">17.-21.07.2026<\/td>\n<td style=\"width: 13.4752%; height: 36px; text-align: center;\">&nbsp;<\/td>\n<td style=\"width: 34.9882%; height: 36px; text-align: center;\"><strong>Sch\u00fctzenfest<\/strong><\/td>\n<td style=\"width: 32.6241%; height: 36px; text-align: center;\">Festzelt<\/td>\n<\/tr>\n<tr style=\"height: 18px;\">\n<td style=\"width: 27.6595%; height: 18px; text-align: left;\"><strong><em>August<\/em><\/strong><\/td>\n<td style=\"width: 13.4752%; height: 18px; text-align: center;\">&nbsp;<\/td>\n<td style=\"width: 34.9882%; height: 18px; text-align: center;\">&nbsp;<\/td>\n<td style=\"width: 32.6241%; height: 18px; text-align: center;\">&nbsp;<\/td>\n<\/tr>\n<tr style=\"height: 18px;\">\n<td style=\"width: 27.6595%; height: 10px; text-align: left;\">15.08.2026<\/td>\n<td style=\"width: 13.4752%; height: 10px; text-align: center;\">11:00h<\/td>\n<td style=\"width: 34.9882%; height: 10px; text-align: center;\">Pokalschie\u00dfen<br \/>\nGr\u00fcnes Poloshirt<\/td>\n<td style=\"width: 32.6241%; height: 10px; text-align: center;\">Hochstand<\/td>\n<\/tr>\n<tr style=\"height: 18px;\">\n<td style=\"width: 27.6595%; height: 18px; text-align: left;\"><strong><em>September<\/em><\/strong><\/td>\n<td style=\"width: 13.4752%; height: 18px; text-align: center;\">&nbsp;<\/td>\n<td style=\"width: 34.9882%; height: 18px; text-align: center;\">&nbsp;<\/td>\n<td style=\"width: 32.6241%; height: 18px; text-align: center;\">&nbsp;<\/td>\n<\/tr>\n<tr style=\"height: 18px;\">\n<td style=\"width: 27.6595%; height: 18px; text-align: left;\">25.09.2026<\/td>\n<td style=\"width: 13.4752%; height: 18px; text-align: center;\">19:00h<\/td>\n<td style=\"width: 34.9882%; height: 18px; text-align: center;\">Versammlung&nbsp;<\/td>\n<td style=\"width: 32.6241%; height: 18px; text-align: center;\">noch nicht bekannt<\/td>\n<\/tr>\n<tr style=\"height: 18px;\">\n<td style=\"width: 27.6595%; height: 18px; text-align: left;\"><strong><em>November<\/em><\/strong><\/td>\n<td style=\"width: 13.4752%; height: 18px; text-align: center;\">&nbsp;<\/td>\n<td style=\"width: 34.9882%; height: 18px; text-align: center;\">&nbsp;<\/td>\n<td style=\"width: 32.6241%; height: 18px; text-align: center;\">&nbsp;<\/td>\n<\/tr>\n<tr style=\"height: 18px;\">\n<td style=\"width: 27.6595%; height: 18px; text-align: left;\">07.11.2026<\/td>\n<td style=\"width: 13.4752%; height: 18px; text-align: center;\">19:30h<\/td>\n<td style=\"width: 34.9882%; height: 18px; text-align: center;\">Hubertusball<span style=\"background-color: #339966;\"><br \/>\n<\/span><\/td>\n<td style=\"width: 32.6241%; height: 18px; text-align: center;\">Pfarrscheune Zons<\/td>\n<\/tr>\n<\/tbody>\n<\/table>\n","protected":false},"excerpt":{"rendered":"<p>Januar &nbsp; &nbsp; &nbsp; 16.01.2026 &nbsp;19:30h Generalversammlung Pfarrscheune Februar &nbsp; &nbsp; &nbsp; 06.02.2026 19:00h Versammlung noch nicht bekannt M\u00e4rz &nbsp; &nbsp; &nbsp; 07.03.2026 19:00h K\u00f6nigsabend Ralf Annas &#8222;Ahl Schull&#8220; Rheinfeld April &nbsp; &nbsp; &nbsp; 03.04.2026 15:00h Osterschie\u00dfen Luftgewehr Schie\u00dfstand 25.04.2026 13:30h K\u00f6nigsschie\u00dfen 1. Abteilung Hochstand Mai &nbsp; &nbsp; &nbsp; 08.05.2026 &#8211; 17.05.2026 &nbsp; Schie\u00dfwoche Hochstand &hellip; <a href=\"https:\/\/hubertus-kompanie-zons.de\/?page_id=10666\" class=\"more-link\"><span class=\"screen-reader-text\">Termine 2026<\/span> weiterlesen <span class=\"meta-nav\">&rarr;<\/span><\/a><\/p>\n","protected":false},"author":1,"featured_media":0,"parent":5757,"menu_order":0,"comment_status":"closed","ping_status":"closed","template":"","meta":{"ngg_post_thumbnail":0,"footnotes":""},"class_list":["post-10666","page","type-page","status-publish","hentry"],"_links":{"self":[{"href":"https:\/\/hubertus-kompanie-zons.de\/index.php?rest_route=\/wp\/v2\/pages\/10666","targetHints":{"allow":["GET"]}}],"collection":[{"href":"https:\/\/hubertus-kompanie-zons.de\/index.php?rest_route=\/wp\/v2\/pages"}],"about":[{"href":"https:\/\/hubertus-kompanie-zons.de\/index.php?rest_route=\/wp\/v2\/types\/page"}],"author":[{"embeddable":true,"href":"https:\/\/hubertus-kompanie-zons.de\/index.php?rest_route=\/wp\/v2\/users\/1"}],"replies":[{"embeddable":true,"href":"https:\/\/hubertus-kompanie-zons.de\/index.php?rest_route=%2Fwp%2Fv2%2Fcomments&post=10666"}],"version-history":[{"count":161,"href":"https:\/\/hubertus-kompanie-zons.de\/index.php?rest_route=\/wp\/v2\/pages\/10666\/revisions"}],"predecessor-version":[{"id":17135,"href":"https:\/\/hubertus-kompanie-zons.de\/index.php?rest_route=\/wp\/v2\/pages\/10666\/revisions\/17135"}],"up":[{"embeddable":true,"href":"https:\/\/hubertus-kompanie-zons.de\/index.php?rest_route=\/wp\/v2\/pages\/5757"}],"wp:attachment":[{"href":"https:\/\/hubertus-kompanie-zons.de\/index.php?rest_route=%2Fwp%2Fv2%2Fmedia&parent=10666"}],"curies":[{"name":"wp","href":"https:\/\/api.w.org\/{rel}","templated":true}]}}