{"id":12535,"date":"2020-03-15T15:56:42","date_gmt":"2020-03-15T14:56:42","guid":{"rendered":"https:\/\/hubertus-kompanie-zons.de\/?page_id=12535"},"modified":"2023-02-14T12:26:04","modified_gmt":"2023-02-14T11:26:04","slug":"videos-der-kompanie-2000-2013","status":"publish","type":"page","link":"https:\/\/hubertus-kompanie-zons.de\/?page_id=12535","title":{"rendered":"Videos der Kompanie  ab 2000-Heute"},"content":{"rendered":"<p style=\"text-align: center;\">Sch\u00fctzenfest 2022<\/p>\n<table style=\"border-collapse: collapse; width: 100%; height: 218px; \">\n<tbody>\n<tr style=\"height: 200px;\">\n<td style=\"width: 25%; height: 200px;\">\n<p><figure id=\"attachment_14853\" aria-describedby=\"caption-attachment-14853\" style=\"width: 150px\" class=\"wp-caption alignleft\"><a href=\"http:\/\/hubertus-kompanie-zons.de\/wp-content\/uploads\/2022\/08\/Videos2022\/Sonntag%20Altar%20Parade.mp4\" target=\"_blank\" rel=\"noopener\"><img loading=\"lazy\" decoding=\"async\" class=\"wp-image-14853 size-thumbnail\" src=\"https:\/\/hubertus-kompanie-zons.de\/wp-content\/uploads\/2022\/08\/Screenshot-MAGIX-Video-deluxe-22-08-01_15-46-22-150x150.jpg\" alt=\"\" width=\"150\" height=\"150\"\/><\/a><figcaption id=\"caption-attachment-14853\" class=\"wp-caption-text\">Sonntag Altar Parade<\/figcaption><\/figure><\/td>\n<td style=\"width: 25%; height: 200px;\">\n<p><figure id=\"attachment_14859\" aria-describedby=\"caption-attachment-14859\" style=\"width: 150px\" class=\"wp-caption alignleft\"><a href=\"http:\/\/hubertus-kompanie-zons.de\/wp-content\/uploads\/2022\/08\/Videos2022\/Vorbeimarsch%20Hofstatt.mp4\" target=\"_blank\" rel=\"noopener\"><img loading=\"lazy\" decoding=\"async\" class=\"wp-image-14859 size-thumbnail\" src=\"https:\/\/hubertus-kompanie-zons.de\/wp-content\/uploads\/2022\/08\/Hofstattjpg-150x150.jpg\" alt=\"\" width=\"150\" height=\"150\"\/><\/a><figcaption id=\"caption-attachment-14859\" class=\"wp-caption-text\">Vorbeimarsch Hofstatt<\/figcaption><\/figure><\/td>\n<td style=\"width: 25%; height: 200px;\">\n<p><figure id=\"attachment_14860\" aria-describedby=\"caption-attachment-14860\" style=\"width: 150px\" class=\"wp-caption alignright\"><a href=\"http:\/\/hubertus-kompanie-zons.de\/wp-content\/uploads\/2022\/08\/Videos2022\/Ehren%20Tanz%20Sonntagabend.mp4\" target=\"_blank\" rel=\"noopener\"><img loading=\"lazy\" decoding=\"async\" class=\"wp-image-14860 size-thumbnail\" src=\"https:\/\/hubertus-kompanie-zons.de\/wp-content\/uploads\/2022\/08\/Ehrentanz-Sonntag-150x150.jpg\" alt=\"\" width=\"150\" height=\"150\"\/><\/a><figcaption id=\"caption-attachment-14860\" class=\"wp-caption-text\">Ehrentanz Sonntagabend<\/figcaption><\/figure><\/td>\n<\/tr>\n<tr style=\"height: 18px;\">\n<td style=\"width: 25%; height: 18px;\">\n<p><figure id=\"attachment_14862\" aria-describedby=\"caption-attachment-14862\" style=\"width: 150px\" class=\"wp-caption alignnone\"><a href=\"http:\/\/hubertus-kompanie-zons.de\/wp-content\/uploads\/2022\/08\/Videos2022\/Aufmarsch%20zur%20Parade%20Sonntag.mp4\" target=\"_blank\" rel=\"noopener\"><img loading=\"lazy\" decoding=\"async\" class=\"wp-image-14862 size-thumbnail\" src=\"https:\/\/hubertus-kompanie-zons.de\/wp-content\/uploads\/2022\/08\/Aufmarsch-zur-Parade-Sonntag-150x150.jpg\" alt=\"\" width=\"150\" height=\"150\"\/><\/a><figcaption id=\"caption-attachment-14862\" class=\"wp-caption-text\">Aufmarsch zur Parade Sonntag<\/figcaption><\/figure><\/td>\n<td style=\"width: 25%; height: 18px;\">\n<p><figure id=\"attachment_14863\" aria-describedby=\"caption-attachment-14863\" style=\"width: 150px\" class=\"wp-caption alignnone\"><a href=\"http:\/\/hubertus-kompanie-zons.de\/wp-content\/uploads\/2022\/08\/Videos2022\/Einzug%20Kompaniek%C3%B6nig%202022.mp4\" target=\"_blank\" rel=\"noopener\"><img loading=\"lazy\" decoding=\"async\" class=\"wp-image-14863 size-thumbnail\" src=\"https:\/\/hubertus-kompanie-zons.de\/wp-content\/uploads\/2022\/08\/Einzug-Kompaniekoenig-2022-150x150.jpg\" alt=\"\" width=\"150\" height=\"150\"\/><\/a><figcaption id=\"caption-attachment-14863\" class=\"wp-caption-text\">Einzug Kompaniek\u00f6nig 2022<\/figcaption><\/figure><\/td>\n<td style=\"width: 25%; height: 18px;\">\n<p><figure id=\"attachment_14864\" aria-describedby=\"caption-attachment-14864\" style=\"width: 150px\" class=\"wp-caption alignnone\"><a href=\"http:\/\/hubertus-kompanie-zons.de\/wp-content\/uploads\/2022\/08\/Videos2022\/Abmarsch%20zur%20Parade%20Dienstag.mp4\" target=\"_blank\" rel=\"noopener\"><img loading=\"lazy\" decoding=\"async\" class=\"wp-image-14864 size-thumbnail\" src=\"https:\/\/hubertus-kompanie-zons.de\/wp-content\/uploads\/2022\/08\/Dienstag-150x150.jpg\" alt=\"\" width=\"150\" height=\"150\"\/><\/a><figcaption id=\"caption-attachment-14864\" class=\"wp-caption-text\">Abmarsch zur Parade Dienstag<\/figcaption><\/figure><\/td>\n<\/tr>\n<\/tbody>\n<\/table>\n<p style=\"text-align: center;\">2022<\/p>\n<table style=\"border-collapse: collapse; width: 100%;\">\n<tbody>\n<tr>\n<td style=\"width: 33.3333%;\">&nbsp;<\/td>\n<td style=\"width: 33.3333%;\">\n<p><figure id=\"attachment_14331\" aria-describedby=\"caption-attachment-14331\" style=\"width: 150px\" class=\"wp-caption aligncenter\"><a href=\"https:\/\/hubertus-kompanie-zons.de\/wp-content\/uploads\/videos\/2022\/Oberstehrenabend%202022.mp4\" target=\"_blank\" rel=\"noopener\"><img loading=\"lazy\" decoding=\"async\" class=\"wp-image-14331 size-thumbnail\" src=\"https:\/\/hubertus-kompanie-zons.de\/wp-content\/uploads\/2022\/07\/P7020001-150x150.jpg\" alt=\"\" width=\"150\" height=\"150\"\/><\/a><figcaption id=\"caption-attachment-14331\" class=\"wp-caption-text\">Oberstehrenabend 2022<\/figcaption><\/figure><\/td>\n<td style=\"width: 33.3333%;\">&nbsp;<\/td>\n<\/tr>\n<\/tbody>\n<\/table>\n<p style=\"text-align: center;\">2021<\/p>\n<table style=\"border-collapse: collapse; width: 100%;\">\n<tbody>\n<tr>\n<td style=\"width: 33.3333%;\"><a href=\"https:\/\/hubertus-kompanie-zons.de\/wp-content\/uploads\/videos\/2021\/Sp%C3%A4tkirmes%202021.mp4\" target=\"_blank\" rel=\"noopener\">Sp\u00e4tkirmes 2021<\/a><\/p>\n<p><img loading=\"lazy\" decoding=\"async\" class=\"aligncenter size-thumbnail wp-image-14327\" src=\"https:\/\/hubertus-kompanie-zons.de\/wp-content\/uploads\/2022\/07\/IMG-20211011-WA0007-150x150.jpg\" alt=\"\" width=\"150\" height=\"150\"\/><\/td>\n<td style=\"width: 33.3333%; text-align: center;\"><a href=\"http:\/\/hubertus-kompanie-zons.de\/wp-content\/uploads\/videos\/2021\/Hubertusball%202021%20%282%29.mp4\" target=\"_blank\" rel=\"noopener\">Hubertusball 2021 K\u00f6nigstanz<\/a><\/p>\n<p><img loading=\"lazy\" decoding=\"async\" class=\"aligncenter size-thumbnail wp-image-14328\" src=\"https:\/\/hubertus-kompanie-zons.de\/wp-content\/uploads\/2022\/07\/20211106_202750-150x150.jpg\" alt=\"\" width=\"150\" height=\"150\"\/><\/td>\n<\/tr>\n<\/tbody>\n<\/table>\n<p style=\"text-align: center;\"><span style=\"font-size: 20px;\"><strong>Corona 2020<\/strong><\/span><\/p>\n<table style=\"border-collapse: collapse; width: 100%;\">\n<tbody>\n<tr>\n<td style=\"width: 33.3333%; text-align: center;\">&nbsp;<\/td>\n<td style=\"width: 33.3333%; text-align: center;\"><a href=\"https:\/\/hubertus-kompanie-zons.de\/wp-content\/uploads\/videos\/Familientag%2015-08-2020.mp4\" target=\"_blank\" rel=\"noopener noreferrer\">Familientag 15-08-2020<\/a><\/td>\n<td style=\"width: 33.3333%; text-align: center;\">&nbsp;<\/td>\n<\/tr>\n<\/tbody>\n<\/table>\n<p style=\"text-align: center;\"><span style=\"font-size: 20px;\"><strong>Sch\u00fctzenfest 2019<\/strong><\/span><\/p>\n<table style=\"border-collapse: collapse; width: 100%;\">\n<tbody>\n<tr>\n<td style=\"width: 33.3333%; text-align: center;\"><a href=\"https:\/\/hubertus-kompanie-zons.de\/wp-content\/uploads\/videos\/2019\/VID-20190730-WA0003.mp4\" target=\"_blank\" rel=\"noopener noreferrer\">Die letzten Sch\u00fcsse auf den Vogel (Video vom Verein)<\/a><\/td>\n<td style=\"width: 33.3333%; text-align: center;\"><a href=\"https:\/\/hubertus-kompanie-zons.de\/wp-content\/uploads\/videos\/2019\/Hofstaat%202019.mp4\" target=\"_blank\" rel=\"noopener noreferrer\">Der Hofstaat zieht an uns vorbei<\/a><\/td>\n<td style=\"width: 33.3333%; text-align: center;\"><a href=\"https:\/\/hubertus-kompanie-zons.de\/wp-content\/uploads\/videos\/2019\/Ehrentanz%202019.mp4\" target=\"_blank\" rel=\"noopener noreferrer\">Der Ehrentanz<\/a><\/td>\n<\/tr>\n<\/tbody>\n<\/table>\n<p style=\"text-align: center;\"><span style=\"font-size: 20px;\"><strong>Sch\u00fctzenfest 2017<\/strong><\/span><\/p>\n<table style=\"border-collapse: collapse; width: 100%;\">\n<tbody>\n<tr>\n<td style=\"width: 100%; text-align: center;\"><a href=\"https:\/\/hubertus-kompanie-zons.de\/wp-content\/uploads\/videos\/Video1%20Dienstag%202017.mp4\" target=\"_blank\" rel=\"noopener noreferrer\">Dienstag 2017<\/a><\/td>\n<\/tr>\n<\/tbody>\n<\/table>\n<p style=\"text-align: center;\"><span style=\"font-size: 20px;\"><strong>Sch\u00fctzenfest 2015<\/strong><\/span><\/p>\n<table style=\"border-collapse: collapse; width: 100%;\">\n<tbody>\n<tr>\n<td style=\"width: 33.3333%; text-align: center;\"><a href=\"https:\/\/hubertus-kompanie-zons.de\/wp-content\/uploads\/2015\/07\/2016-07-01.mp4\" target=\"_blank\" rel=\"noopener noreferrer\">Einzug Kompaniek\u00f6nig<\/a><\/td>\n<td style=\"width: 33.3333%; text-align: center;\"><a href=\"https:\/\/hubertus-kompanie-zons.de\/wp-content\/uploads\/2015\/07\/2016-07-01-1.mp4\" target=\"_blank\" rel=\"noopener noreferrer\">Stuhlparade<\/a><\/td>\n<td style=\"width: 33.3333%; text-align: center;\"><a href=\"https:\/\/hubertus-kompanie-zons.de\/wp-content\/uploads\/videos\/Sch%C3%BCtzenfes2015.mp4\" target=\"_blank\" rel=\"noopener noreferrer\">Von der Fahnenspitze<\/a><\/td>\n<\/tr>\n<\/tbody>\n<\/table>\n<p style=\"text-align: center;\"><span style=\"font-size: 20px;\"><strong>Sch\u00fctzenfest 2014<\/strong><\/span><\/p>\n<table style=\"border-collapse: collapse; width: 100%;\">\n<tbody>\n<tr>\n<td style=\"width: 54.2194%; text-align: center;\"><a href=\"https:\/\/hubertus-kompanie-zons.de\/wp-content\/uploads\/Montag.mp4\" target=\"_blank\" rel=\"noopener noreferrer\">Video Montag Nachmittag<\/a><\/td>\n<td style=\"width: 45.5696%; text-align: center;\"><a href=\"https:\/\/hubertus-kompanie-zons.de\/wp-content\/uploads\/Hochstandschiessen%202014.mp4\">Hochstandschiessen 2014<\/a><\/td>\n<\/tr>\n<\/tbody>\n<\/table>\n<p style=\"text-align: center;\"><span style=\"font-size: 20px;\"><strong>Sch\u00fctzenfest 2013<\/strong><\/span><\/p>\n<table style=\"border-collapse: collapse; width: 100%;\">\n<tbody>\n<tr>\n<td style=\"width: 50%;\"><a href=\"https:\/\/hubertus-kompanie-zons.de\/wp-content\/uploads\/videos\/Heinz%20Staendchen.mp4\" target=\"_blank\" rel=\"noopener noreferrer\">St\u00e4ndchen f\u00fcr Heinz<\/a><\/td>\n<td style=\"width: 50%;\"><a href=\"https:\/\/hubertus-kompanie-zons.de\/wp-content\/uploads\/videos\/Heinz%20Abschied%20video%204.mp4\" target=\"_blank\" rel=\"noopener noreferrer\">&nbsp;Heinz verl\u00e4\u00dft die B\u00fchne Video 4<\/a><\/td>\n<\/tr>\n<tr>\n<td style=\"width: 50%;\"><a href=\"https:\/\/hubertus-kompanie-zons.de\/wp-content\/uploads\/videos\/Heinz%20Abschied%20Video%203.mp4\" target=\"_blank\" rel=\"noopener noreferrer\">Heinz verl\u00e4\u00dft die B\u00fchne Video 3<\/a><\/td>\n<td style=\"width: 50%;\"><a href=\"https:\/\/hubertus-kompanie-zons.de\/wp-content\/uploads\/videos\/Heinz%20Abschied%20Video%202.mp4\" target=\"_blank\" rel=\"noopener noreferrer\">Heinz verl\u00e4\u00dft die B\u00fchne Video 2<\/a><\/td>\n<\/tr>\n<tr>\n<td style=\"width: 50%;\"><a href=\"https:\/\/hubertus-kompanie-zons.de\/wp-content\/uploads\/videos\/Heinz%20Abschied%20Video%201.mp4\" target=\"_blank\" rel=\"noopener noreferrer\">Heinz verl\u00e4\u00dft die B\u00fchne Video 1<\/a><\/td>\n<td style=\"width: 50%;\"><a href=\"https:\/\/hubertus-kompanie-zons.de\/wp-content\/uploads\/videos\/Heinz%20Sturm%20.mp4\" target=\"_blank\" rel=\"noopener noreferrer\">Rede Heinz Sturm<\/a><\/td>\n<\/tr>\n<tr>\n<td style=\"width: 50%;\"><a href=\"https:\/\/hubertus-kompanie-zons.de\/wp-content\/uploads\/videos\/Heinz%20Papst.mp4\" target=\"_blank\" rel=\"noopener noreferrer\">Heinz wird Papst<\/a><\/td>\n<td style=\"width: 50%;\"><a href=\"https:\/\/hubertus-kompanie-zons.de\/wp-content\/uploads\/videos\/Dudelsack.mp4\" target=\"_blank\" rel=\"noopener noreferrer\">Dudelsack Spieler<\/a><\/td>\n<\/tr>\n<tr>\n<td style=\"width: 50%;\"><a href=\"https:\/\/hubertus-kompanie-zons.de\/wp-content\/uploads\/videos\/Sonntag%20Tanz%20Koenig.mp4\" target=\"_blank\" rel=\"noopener noreferrer\">Tanz der K\u00f6nigspaare<\/a><\/td>\n<td style=\"width: 50%;\"><a href=\"https:\/\/hubertus-kompanie-zons.de\/wp-content\/uploads\/videos\/hofstad-sonntag-2013.mp4\" target=\"_blank\" rel=\"noopener noreferrer\">Hofstaat an der Bank<\/a><\/td>\n<\/tr>\n<\/tbody>\n<\/table>\n<p style=\"text-align: center;\"><span style=\"font-size: 20px;\"><strong>Sch\u00fctzenfest 2012<\/strong><\/span><\/p>\n<table style=\"border-collapse: collapse; width: 100%;\">\n<tbody>\n<tr>\n<td style=\"width: 50%;\"><a href=\"https:\/\/hubertus-kompanie-zons.de\/wp-content\/uploads\/videos\/Dienstag-Geb.mp4\" target=\"_blank\" rel=\"noopener noreferrer\">Dienstag Heinz Geburstag<\/a><\/td>\n<td style=\"width: 50%;\"><a href=\"https:\/\/hubertus-kompanie-zons.de\/wp-content\/uploads\/videos\/Montag.mp4\" target=\"_blank\" rel=\"noopener noreferrer\">Montag im Zelt<\/a><\/td>\n<\/tr>\n<tr>\n<td style=\"width: 50%;\"><a href=\"https:\/\/hubertus-kompanie-zons.de\/wp-content\/uploads\/videos\/Vogelschiessen.mp4\" target=\"_blank\" rel=\"noopener noreferrer\">Vogelschiessen Montag<\/a><\/td>\n<td style=\"width: 50%;\"><a href=\"https:\/\/hubertus-kompanie-zons.de\/wp-content\/uploads\/videos\/Altar-Parade.mp4\" target=\"_blank\" rel=\"noopener noreferrer\">Altar-Parade Sch\u00fctzenfest 2012<\/a><\/td>\n<\/tr>\n<tr>\n<td style=\"width: 50%;\"><a href=\"https:\/\/hubertus-kompanie-zons.de\/wp-content\/uploads\/videos\/Frauen-schiessen-2012.mp4\" target=\"_blank\" rel=\"noopener noreferrer\">Frauen Schiessen Hochstand<\/a><\/td>\n<td style=\"width: 50%;\">&nbsp;<\/td>\n<\/tr>\n<\/tbody>\n<\/table>\n<p style=\"text-align: center;\"><span style=\"font-size: 20px;\"><strong>Video-2011-Freitag-Sonntag<\/strong><\/span><\/p>\n<table style=\"border-collapse: collapse; width: 100%;\">\n<tbody>\n<tr>\n<td style=\"width: 50%;\"><a href=\"https:\/\/hubertus-kompanie-zons.de\/wp-content\/uploads\/videos\/Kraben.mp4\" target=\"_blank\" rel=\"noopener noreferrer\">Krabben<\/a><\/td>\n<td style=\"width: 50%;\"><a href=\"https:\/\/hubertus-kompanie-zons.de\/wp-content\/uploads\/videos\/Korken.mp4\" target=\"_blank\" rel=\"noopener noreferrer\">Der Korken im Glas<\/a><\/td>\n<\/tr>\n<tr>\n<td style=\"width: 50%;\"><a href=\"https:\/\/hubertus-kompanie-zons.de\/wp-content\/uploads\/videos\/Sonntag1.mp4\" target=\"_blank\" rel=\"noopener noreferrer\">Tambourcorps 1<\/a><\/td>\n<td style=\"width: 50%;\"><a href=\"https:\/\/hubertus-kompanie-zons.de\/wp-content\/uploads\/videos\/Sonntag2.mp4\" target=\"_blank\" rel=\"noopener noreferrer\">Tambourcorps 2<\/a><\/td>\n<\/tr>\n<tr>\n<td style=\"width: 50%;\"><a href=\"https:\/\/hubertus-kompanie-zons.de\/wp-content\/uploads\/videos\/Sonntag3.mp4\" target=\"_blank\" rel=\"noopener noreferrer\">Schatzi schenk mir ein Foto<\/a><\/td>\n<td style=\"width: 50%;\"><a href=\"https:\/\/hubertus-kompanie-zons.de\/wp-content\/uploads\/videos\/Schuetzenfest-2007.mp4\" target=\"_blank\" rel=\"noopener noreferrer\">Video von 2007<\/a><\/td>\n<\/tr>\n<tr>\n<td style=\"width: 50%;\"><a href=\"https:\/\/hubertus-kompanie-zons.de\/wp-content\/uploads\/videos\/Schuetzenfest-2000.mp4\" target=\"_blank\" rel=\"noopener noreferrer\">Video von 2000<\/a><\/td>\n<td style=\"width: 50%;\">&nbsp;<\/td>\n<\/tr>\n<\/tbody>\n<\/table>\n<p style=\"text-align: center;\">&nbsp;<\/p>\n","protected":false},"excerpt":{"rendered":"<p>Sch\u00fctzenfest 2022 2022 &nbsp; &nbsp; 2021 Sp\u00e4tkirmes 2021 Hubertusball 2021 K\u00f6nigstanz Corona 2020 &nbsp; Familientag 15-08-2020 &nbsp; Sch\u00fctzenfest 2019 Die letzten Sch\u00fcsse auf den Vogel (Video vom Verein) Der Hofstaat zieht an uns vorbei Der Ehrentanz Sch\u00fctzenfest 2017 Dienstag 2017 Sch\u00fctzenfest 2015 Einzug Kompaniek\u00f6nig Stuhlparade Von der Fahnenspitze Sch\u00fctzenfest 2014 Video Montag Nachmittag Hochstandschiessen 2014 &hellip; <a href=\"https:\/\/hubertus-kompanie-zons.de\/?page_id=12535\" class=\"more-link\"><span class=\"screen-reader-text\">Videos der Kompanie  ab 2000-Heute<\/span> weiterlesen <span class=\"meta-nav\">&rarr;<\/span><\/a><\/p>\n","protected":false},"author":1,"featured_media":0,"parent":12655,"menu_order":0,"comment_status":"closed","ping_status":"closed","template":"","meta":{"ngg_post_thumbnail":0,"footnotes":""},"class_list":["post-12535","page","type-page","status-publish","hentry"],"_links":{"self":[{"href":"https:\/\/hubertus-kompanie-zons.de\/index.php?rest_route=\/wp\/v2\/pages\/12535","targetHints":{"allow":["GET"]}}],"collection":[{"href":"https:\/\/hubertus-kompanie-zons.de\/index.php?rest_route=\/wp\/v2\/pages"}],"about":[{"href":"https:\/\/hubertus-kompanie-zons.de\/index.php?rest_route=\/wp\/v2\/types\/page"}],"author":[{"embeddable":true,"href":"https:\/\/hubertus-kompanie-zons.de\/index.php?rest_route=\/wp\/v2\/users\/1"}],"replies":[{"embeddable":true,"href":"https:\/\/hubertus-kompanie-zons.de\/index.php?rest_route=%2Fwp%2Fv2%2Fcomments&post=12535"}],"version-history":[{"count":59,"href":"https:\/\/hubertus-kompanie-zons.de\/index.php?rest_route=\/wp\/v2\/pages\/12535\/revisions"}],"predecessor-version":[{"id":15153,"href":"https:\/\/hubertus-kompanie-zons.de\/index.php?rest_route=\/wp\/v2\/pages\/12535\/revisions\/15153"}],"up":[{"embeddable":true,"href":"https:\/\/hubertus-kompanie-zons.de\/index.php?rest_route=\/wp\/v2\/pages\/12655"}],"wp:attachment":[{"href":"https:\/\/hubertus-kompanie-zons.de\/index.php?rest_route=%2Fwp%2Fv2%2Fmedia&parent=12535"}],"curies":[{"name":"wp","href":"https:\/\/api.w.org\/{rel}","templated":true}]}}